ainder when 66/f - (-2)/(-4) is divided by d?
7
Let v = -20 - -43. Let j = 3 + 4. Let b = j - -5. What is the remainder when v is divided by b?
11
Suppose 0 = 6*o - 9*o + 78. Suppose 2*a - 2*k = -0*a + o, -39 = -3*a + 5*k. What is the remainder when 37 is divided by a?
11
Suppose -3 = m - 1. Let q(k) = -k**2 - 5*k. Let o be q(-4). Calculate the remainder when 28 is divided by (-15)/m*8/o.
13
Suppose 2 = q - 12. Calculate the remainder when 55 is divided by q.
13
Let a = 18 - -30. Suppose 2*m = -4*x + a, 4 = 5*m - 3*m. Calculate the remainder when x is divided by 4.
3
Let i = 21 + 8. What is the remainder when 56 is divided by i?
27
Let s = -4 + 8. Suppose s*p - 143 = -3. Calculate the remainder when p is divided by 18.
17
Let f = 28 - 3. What is the remainder when f is divided by 13?
12
Let y(w) = 7*w - 9. Let h be y(6). Suppose z + 5*t - h = -0*z, 5*z - 45 = -t. Let c(o) = o**2 + 6*o - 12. What is the remainder when c(-9) is divided by z?
7
Let j(o) = -6*o - 1. Let q = 3 + 0. Let g be j(q). Let l = -13 - g. What is the remainder when 11 is divided by l?
5
Suppose -2*z - 4*o = -6, -3*o = -2*z - 4*o + 6. Suppose 0 = 5*k - 10*k - 15. Calculate the remainder when 6 is divided by k/(-9) + 11/z.
2
Calculate the remainder when (0 - -1)*(57 - 3) is divided by 19.
16
Suppose -2*x - 18 = -h, -26 - 55 = -2*h - 5*x. Suppose 4*d = -8 + h. Let c = -20 + 33. Calculate the remainder when c is divided by d.
3
Let q(h) = -h**3 - 2*h**2. Let b be q(-2). Suppose -2*p - 5*o + o + 22 = b, 2*p - 26 = -3*o. What is the remainder when 75 is divided by p?
18
Let w(u) = -2*u**2 - 6*u - 3. Let q be w(-4). Let r = q - -19. Let z(j) = 15*j**2 + j. Calculate the remainder when z(-1) is divided by r.
6
Let v = -18 + 29. What is the remainder when 75 is divided by v?
9
Suppose -2 = -2*n + 3*b, -5*b = 4*n - 16 - 10. What is the remainder when 25 is divided by (-2)/n + (-81)/(-6)?
12
Let m = 3 + -3. Suppose m*v = -v + 31. What is the remainder when v is divided by 16?
15
Let u(a) = -4 + 1 + 4 + a**2 - a. Let p(d) = -d - 8. Let s be p(-6). Calculate the remainder when 19 is divided by u(s).
5
Let f(o) = 64*o**3 - o**2 - 2*o + 2. What is the remainder when f(1) is divided by 13?
11
Let v(r) be the first derivative of r**4/4 - 4*r**3/3 - r**2/2 - 6. Calculate the remainder when 77 is divided by v(5).
17
Let s(t) = t**2 - 5*t + 45. What is the remainder when 177 is divided by s(5)?
42
Let q(r) = 2*r**3 - 3*r**2 + 2*r - 1. Let a = 10 - -1. Calculate the remainder when a is divided by q(2).
4
Let a(x) = -19*x - 8 + 8. Calculate the remainder when a(-2) is divided by 13.
12
Let m(k) = -k - 1. Let n be m(7). Let g = -6 - n. Suppose 0*a - g*a + 12 = 0. What is the remainder when a is divided by 4?
2
Let m(i) = 2*i - 8. Let p be m(6). Suppose 0 = p*k - 6*k + 100. Calculate the remainder when k is divided by 2/(-6) + -1*104/(-6).
16
Let i = 4 + -1. Let v = -106 - -114. Calculate the remainder when v is divided by i.
2
Calculate the remainder when (-6578)/(-154) + (-2)/(-7) is divided by 9.
7
Let z = -14 - -16. Suppose -18 = -z*n - 2*n + g, 2*n + g - 6 = 0. What is the remainder when 6 is divided by n?
2
Let w be (-2)/(2*(-2)/6). Suppose w*o - 84 = -o. Calculate the remainder when o is divided by 12.
9
Let d(k) = 6*k + 9. Let q be d(-6). Let z = 127 - 81. Let a = q + z. Calculate the remainder when 56 is divided by a.
18
Let z be 1/4 - (-219)/(-12). Calculate the remainder when (-1536)/z + 1/(-3) is divided by 22.
19
Let b(r) = r**2 + 12*r + 29. What is the remainder when 122 is divided by b(-11)?
14
Suppose -51 = -3*i + 231. Suppose 5*g - 2*j - i = 2*j, -3*g + 59 = -5*j. What is the remainder when (g/(-4))/3*-20 is divided by 8?
6
Let n(f) = -f**2 + 8*f - 6. Let v be n(8). Calculate the remainder when 37 is divided by (4/v)/((-4)/78).
11
Let w(k) = k**3 + 6*k**2 - 6*k + 8. Let c be w(-7). Let d(o) = 58*o**2 - 1. What is the remainder when d(c) is divided by 15?
12
Let w(i) = -12*i - 2. Let d = -10 - -5. Let z = d + 23. Calculate the remainder when z is divided by w(-1).
8
Suppose 2*g = 1 + 67. Suppose 4*l - g = 14. What is the remainder when 47 is divided by l?
11
What is the remainder when 44/1 + 8/(-4) is divided by 22?
20
Suppose -q + 5*c - 75 = 0, 36 - 511 = 5*q - 5*c. What is the remainder when 43 is divided by ((-3)/2)/(10/q)?
13
Suppose 0 = -6*j + 2011 + 281. What is the remainder when j is divided by 55?
52
Suppose 3*v - m - 38 = 7, -5*v = -m - 75. Calculate the remainder when 27 is divided by v.
12
What is the remainder when ((-3)/((-27)/(-66)))/((-4)/54) is divided by 10?
9
Suppose -d + 6*d = 200. What is the remainder when (11 - 8)*d/6 is divided by 11?
9
Calculate the remainder when 39 is divided by 124/8 - 6/4.
11
Suppose -4*n + 165 = -3*u, -u - 70 = -4*n + 97. Calculate the remainder when n is divided by 11*(2 + 2/(-2)).
9
Let p(d) = -4 + 4 - d**2 - 2*d + 2*d**2. Suppose -10 = -4*l + 2*l. Calculate the remainder when p(-2) is divided by l.
3
Suppose 0 = -3*c + 4*j - 27, j + 0*j = 2*c + 18. Let p = c + 26. Calculate the remainder when 33 is divided by p.
16
Let m be ((-24)/42)/(4/(-14)). Suppose -2 = u, m*y - 4*u - 3 + 5 = 0. Let p = y + 12. Calculate the remainder when p is divided by 2.
1
Let n(t) = t**2 - 5*t + 4. Let q be n(4). Suppose q = 5*a - 10*a + 100. What is the remainder when 39 is divided by a?
19
Let r = -31 + 45. Suppose 4*u - 54 = -r. What is the remainder when 19 is divided by u?
9
Let c(m) = -113*m. What is the remainder when c(-1) is divided by 29?
26
Let c(w) be the third derivative of w**5/60 + 5*w**4/24 - 7*w**3/6 - w**2. Let j be c(-9). Suppose j + 11 = 2*n. Calculate the remainder when n is divided by 7.
6
Let u = 13 + -8. Suppose -2*j + u*z + 26 = 0, -4*j = -2*z - 30 + 10. What is the remainder when (-488)/(-12) + 1/j is divided by 11?
8
Let h be 1*((-6)/(-3) + 41). Suppose 5*z = 4*z + h. Calculate the remainder when z is divided by 11.
10
Suppose 3*w + w - 64 = 0. Suppose -7 = -m + n, -w = -m - m + 3*n. Let x(p) = -p**2 + 6*p - 2. What is the remainder when 4 is divided by x(m)?
1
Suppose 25 = 2*m - 21. Suppose -4*b + 5*r + 37 = -11, -5*b + 60 = 3*r. What is the remainder when m is divided by b?
11
Let j(k) = -16*k - 11. Let o(y) = -3*y - 2. Let f(p) = -2*j(p) + 11*o(p). Let b be f(-7). Calculate the remainder when 159/b + (-12)/(-42) is divided by 8.
7
Suppose 5*h + 5 = 25. What is the remainder when h is divided by (3/9)/(1/6)?
0
Let m be 4/(-6)*30/(-4). Suppose -154 = -m*x - 4. Calculate the remainder when x is divided by 16.
14
Suppose 5*d - 60 = -7*q + 2*q, 2*d + 16 = 3*q. Suppose 0 = -6*c + 2*c - 4. What is the remainder when (-178)/(-8) + c/4 is divided by q?
6
Suppose 4 = -a - 2. Let q(c) = -5*c + 5. What is the remainder when q(a) is divided by 19?
16
Suppose y + p - 32 = -0*p, -y = 5*p - 32. Let j(h) = h**2 + 2*h - 7. What is the remainder when y is divided by j(-6)?
15
Suppose -4*t = -0*q - 4*q - 408, 0 = -3*t - 4*q + 341. Calculate the remainder when t is divided by 27.
26
Suppose -2*s = 3*s + 80. Let i = s + 33. What is the remainder when i is divided by 5?
2
Let c be (-24)/(-7) + (-6)/14. Suppose 2*s = 5*s + 2*w - 9, -2*w - 6 = 0. Suppose -c - 22 = -s*j. Calculate the remainder when 19 is divided by j.
4
Suppose 26 = r - 3*a, 2*r - 130 = -3*r + 2*a. Let m = r + 3. What is the remainder when m is divided by 10?
9
Let o be ((-13)/(-4))/(1/8). Suppose -61 = -3*r + o. What is the remainder when r is divided by 1024/96 + (-4)/6?
9
Let r(m) = m**3 + 5*m**2 - 3*m - 4. Let p = 0 + 6. Calculate the remainder when r(-5) is divided by p.
5
Let n = 29 + -21. Suppose -5*l + 23 = -2*s, 5*s - 17 = -4*l + n. What is the remainder when 19 is divided by l?
4
Let u(t) = -2*t + 17. Calculate the remainder when u(-8) is divided by 7.
5
Let u(f) = f**2 - 6*f - 3. Let p(l) = 3*l**2 + 2 + 1 + 4*l + 0. Let b be p(-2). What is the remainder when u(b) is divided by 3?
1
Suppose -p - 3*w - 20 = 0, -5*p - 48 = -3*w + 5*w. Let a = p + 9. Calculate the remainder when a is divided by (-14)/(-10) + 4/(-10).
0
Let a = 2 - -3. Let f(q) be the second derivative of q**5/20 - q**4/3 - 5*q**3/6 + 3*q**2/2 + 5*q. What is the remainder when 8 is divided by f(a)?
2
Suppose -2*f + f + 1 = 0. Let g = 7 - f. Calculate the remainder when g is divided by (-1)/(15/(-12) - -1).
